et m(d) = -2*d**3 + 5*d**2 + 26*d - 50. Calculate the remainder when x(-7) is divided by m(4).
4
Let v = -1076 - -1122. Let c(w) = w**3 + 5*w**2 - 4*w + 4. Suppose -y - 3*y = 20. What is the remainder when v is divided by c(y)?
22
Let x be (4 + 0)*18/24. Let k be (168 + 6)*x/6. Let c = -53 + k. What is the remainder when c is divided by 19?
15
Let v = 30 - 18. Let c be (-780)/36 - (-2)/3. What is the remainder when v is divided by (c/6)/((-1)/2)?
5
Suppose -s = 372*l - 369*l - 249, l - s - 71 = 0. Calculate the remainder when 1570 is divided by l.
50
What is the remainder when 228 is divided by (714/(-408))/(2/(-24))?
18
Suppose 3*h - 15 = 0, -7*t + 5*t + 5*h - 17 = 0. What is the remainder when 27 is divided by t?
3
Suppose -399 = 3*l + 5*a, 113*l - 115*l - 4*a = 268. What is the remainder when 41 is divided by ((-960)/l)/(6/8)?
1
Calculate the remainder when -4 + (76 - -6) + -3 + -4 is divided by 16.
7
Suppose -8*m + 2149 + 245 = 10*m. What is the remainder when m is divided by 4?
1
Suppose -3*b + 11 = 4*g - 6, 2*g - 6 = -2*b. What is the remainder when 53 is divided by g?
5
Let i = 2400 + -2382. What is the remainder when 341 is divided by i?
17
Suppose 991 = 8*s + 6959. Let k = 1096 + s. What is the remainder when k is divided by 44?
42
Let k(m) = 16*m - 81. What is the remainder when 973 is divided by k(6)?
13
Suppose 855 = 2*o - 2*g - 613, -5*g = -2*o + 1474. Suppose 5*a + 5*n - 9*n - o = 0, 588 = 4*a - 2*n. Calculate the remainder when a is divided by 15.
13
Suppose c - 5 = 0, 3*r - 4*c + c = 33. Calculate the remainder when (2/((-8)/362))/((-8)/r) is divided by 97.
84
Suppose r - 10 = -4*r. Suppose -3*o = 5*m + 1, m = -4*o + r*m + 37. Let d(s) = s**2 + 7*s + 13. What is the remainder when d(-9) is divided by o?
7
Let x(i) = 77*i + 682. What is the remainder when x(-8) is divided by 32?
2
Suppose t - 5*g = -7*g + 1, 3*t - 25 = 5*g. Suppose -4 = 2*p, u - 2*u - t*p = -69. Calculate the remainder when u is divided by 12.
7
Let t = -1455 - -1959. Calculate the remainder when t is divided by 17.
11
Let o(q) = 22 - 9*q - 2*q - 21 - 19. Calculate the remainder when o(-20) is divided by 34.
32
Let h = -1017 - -1026. Let k = -831 + 571. What is the remainder when (4/(-8))/(5/k) is divided by h?
8
Suppose 4*m + 8980 + 5180 = 0. Calculate the remainder when (-15)/(-6)*m/(-50) is divided by 39.
21
Let d = -2510 - -2520. Calculate the remainder when 2957 is divided by d.
7
Let y(p) = -p**2 + 22*p - 76. Calculate the remainder when 635 is divided by y(6).
15
Let h be 8 + -4 - -3 - (1 + 2). Let r = 14 + h. Suppose r = -a + 5*l, -4*a + l - 4*l = -20. Calculate the remainder when a is divided by 2.
0
Suppose 11*k - 76 = 243. Calculate the remainder when 462 is divided by k.
27
Let q(r) be the third derivative of 5*r**4/24 + 56*r**3/3 + 17*r**2. Let t be q(0). Let y = t + -108. Calculate the remainder when 17 is divided by y.
1
Suppose -365 = 4*l - 3*f + 479, 2*l + 400 = -4*f. Let o = l - -214. Suppose 4*n = -0*n + 44. Calculate the remainder when n is divided by o.
5
Let u(d) = d**3 - 15*d**2 + 18*d - 54. Let m be u(14). Suppose -m*z + 5*n = -31, -29 = z - 2*z - 2*n. What is the remainder when 109 is divided by z?
17
Suppose 44*d - 40*d + 64 = 0. Let o(u) = u**2 + 10*u - 66. Calculate the remainder when o(d) is divided by 16.
14
Suppose -14*j + 17*j + 1932 = 15*g, 5*j = 4*g - 490. Calculate the remainder when g is divided by 45.
40
Suppose -32*s - 156 = -34*s. Suppose s = 5*o + 23. Calculate the remainder when o is divided by 7.
4
Suppose 4*c - 97 = -5*j, 5*j + 34*c - 31*c - 99 = 0. Calculate the remainder when 192 is divided by j.
3
Suppose -2*x + 35 = j - 4*x, -4*j + 3*x + 135 = 0. Let y = -169 + 121. Let r = y - -177. What is the remainder when r is divided by j?
30
Let z = 2932 - 2835. Calculate the remainder when z is divided by (-3 + 125/15)/((-1)/(-6)).
1
Let q(n) be the first derivative of 23*n**2 + 87*n - 14. Calculate the remainder when q(4) is divided by 7.
5
Let h be (235/15)/(4/156). Suppose o + h - 625 = 0. Suppose b = 2*b - 55. What is the remainder when b is divided by o?
13
Let j be 33*-1*(-3)/3. Let i = j + -1. Let m(z) = -6*z + 17. What is the remainder when i is divided by m(0)?
15
Let d = 320 - 305. Suppose -d*k + 1170 = -165. What is the remainder when k is divided by 24?
17
Let t be (4/5)/(10/75). Suppose 4*h - 2 - t = 0. Suppose a + 6 = h*a. Calculate the remainder when 21 is divided by a.
3
Let j = -13 + 24. Let d(t) = -t**3 + 8*t**2 + 13*t - 2. Calculate the remainder when d(9) is divided by j.
1
Suppose 3*j - 1072 = 4*l, -259 - 465 = -2*j - 2*l. Calculate the remainder when 731 is divided by j.
11
Suppose 3*a - i + 5 + 1 = 0, -2*a - 4*i + 10 = 0. Let x(m) = -35*m. Calculate the remainder when x(a) is divided by 9.
8
Let h = -2388 - -2425. Suppose d + 0*d = 99. What is the remainder when d is divided by h?
25
Let m = 4494 + -4470. Calculate the remainder when 800 is divided by m.
8
Let a = -79985 - -80010. Let l(t) = -t**2 - 8*t - 5. Let g be (-6)/(-4)*16/(-6). Calculate the remainder when a is divided by l(g).
3
Let w(m) = -36*m + 180. Let o be w(5). Suppose 29*g - 27*g - 10 = o. What is the remainder when 5 is divided by g?
0
Suppose 4*f = 3*f - 3*y - 5, -5*y = f + 15. Suppose 0 = 24*r - 158 - 730. Calculate the remainder when r is divided by f.
7
Let r(p) be the second derivative of 25*p**4/12 - 13*p. Let q be r(-1). Let l = 36 - q. Calculate the remainder when 65 is divided by l.
10
Calculate the remainder when 750 is divided by 8342/34 + 54/(-153).
15
Let l(s) = 16*s**2 + 197*s + 1754. What is the remainder when l(-8) is divided by 9?
5
Suppose -9 = -35*h + 26. Suppose 0 = -4*m - 2*x + 28, -x = h - 5. What is the remainder when 57 is divided by m?
2
Calculate the remainder when -4 - -8 - (-20 - 1989) is divided by 19.
18
Suppose -4*c - 2*t + 14 = 0, -2*c + 2*t + 2 = -2. Suppose -c*o - 45 = -5*i, -4*o = -3*i - i + 28. Calculate the remainder when 44 is divided by i.
8
Suppose -3*g + 402*u = 406*u - 50101, -g = -2*u - 16717. What is the remainder when g is divided by 49?
47
Calculate the remainder when ((-72)/(-468))/((-3)/(-507)) is divided by 1 + 0*1/(-5).
0
Suppose 98455 - 9431 = 162*p + 46*p. What is the remainder when p is divided by 54?
50
Let b(a) = a**2 - 17*a + 1. Let f = -31 - -55. Calculate the remainder when b(f) is divided by 34.
33
Let a = 10 - 2. Let x(p) = -p**2 - 209*p - 7836. Calculate the remainder when a is divided by x(-49).
0
Suppose 0 - 4 = -2*w. Suppose 0 = w*j + 15 - 5. Calculate the remainder when (19 - 38)*(j + -1) is divided by 29.
27
What is the remainder when 3952 is divided by 28/98*(-32 + 4) - (-119 + 1)?
102
Let c = -16 + 25. Let t be 52*56/24 + (-2)/(-3). Suppose 0 = -4*u + 2*j - 5*j + 192, 5*j + t = 2*u. What is the remainder when u is divided by c?
6
Calculate the remainder when 62 is divided by 7/14*-1*(-308)/11.
6
Let k = 35452 - 35330. Calculate the remainder when 1457 is divided by k.
115
Suppose 0 = 3*h - 2378 + 581. What is the remainder when h is divided by ((1125/6)/(-5))/((-1)/2)?
74
Let d = -6 - -47. Let r be (-2 - 10)/(6 - (-120)/(-18)). What is the remainder when d is divided by ((-20)/(-8) - 2)*r?
5
Let b be -8 + 29 - (-3 - -10). Suppose 0 = 27*r + b*r - 6314. What is the remainder when r is divided by 53?
48
Suppose -4*h + 26 + 182 = 0. Suppose -h = -24*w + 44. Calculate the remainder when 24 is divided by w.
0
Suppose -4*u + u + 228 = 0. Let a = u - 20. Calculate the remainder when a is divided by 15.
11
Let m = -1948 - -2240. Let w = -40 - -67. What is the remainder when m is divided by w?
22
Let g = 623 + -370. Let l be g/69 + (-2)/(-6). Suppose l + 2 = k - 4*c, 5*k - 64 = 3*c. Calculate the remainder when k is divided by 5.
4
Suppose 18*g - 63 = 29*g - 20*g. What is the remainder when 67 is divided by g?
4
Let f(m) = -4*m + 10. Suppose 11*c = -55, c + 154 = 4*y - 507. What is the remainder when y is divided by f(-8)?
38
Let t be -4 + (-320)/(-52) - (-8)/(-52). Suppose -5*k - 179 = -4*h + 101, -t*h + 140 = 3*k. What is the remainder when h is divided by 107/3 - (-2)/6?
34
Suppose 24*n - 21431 = -5*n. Let l = n + -679. Calculate the remainder when 175 is divided by l.
55
Let u(f) = 390*f - 17. Calculate the remainder when u(2) is divided by 18.
7
Suppose 0 = 2*q - 4*u 